 what is 15b6 + -451?
1165
In base 9, what is 11474 + -2023?
8451
In base 16, what is 651e590 - 2?
651e58e
In base 11, what is -1 + 45348?
45347
In base 9, what is -1218 + -534121?
-535340
In base 6, what is -2325 - 533554?
-540323
In base 3, what is 111002201 + 1011101?
112021002
In base 14, what is 154 + -3c178?
-3c024
In base 14, what is -d0 - 14d41?
-15031
In base 11, what is 8 + 23634718?
23634725
In base 7, what is -3133543 - -56?
-3133454
In base 13, what is 1569 + 126c6?
13c62
In base 11, what is -199480 + 82?
-1993a9
In base 12, what is 8938789 - 3?
8938786
In base 12, what is -2970 - -40b?
-2561
In base 12, what is 9 + 167008?
167015
In base 5, what is -101344 - -102431?
1032
In base 3, what is 221222010200 + 200?
221222011100
In base 3, what is 22210112200212 + 20102?
22210112221021
In base 14, what is -38350cb + 5?
-38350c6
In base 15, what is -735 - -b83?
44d
In base 4, what is 1103012 + -123100320?
-121331302
In base 3, what is -102221 + 2011102100?
2010222102
In base 4, what is 13212130322203 + -1?
13212130322202
In base 11, what is 1161 - 203?
a59
In base 15, what is -527 - 598?
-ac0
In base 15, what is 5 - 221d92?
-221d8c
In base 6, what is -1441 - 43053?
-44534
In base 9, what is -185245 - -7?
-185237
In base 8, what is -2 + 11537123?
11537121
In base 5, what is -12 + 3012412224?
3012412212
In base 10, what is 0 - -14135005?
14135005
In base 12, what is -2222654 + -2?
-2222656
In base 9, what is -118400 - 312?
-118712
In base 9, what is 765 - 17858?
-17083
In base 10, what is -50519 - -23?
-50496
In base 9, what is 3434 + -61086?
-56552
In base 9, what is 843241 - -182?
843433
In base 4, what is -13100201 + -11123?
-13111330
In base 16, what is -a50 - -682b?
5ddb
In base 4, what is -10123 + -13313221?
-13330010
In base 8, what is 26 + 506425?
506453
In base 16, what is 48b7 + 25a?
4b11
In base 12, what is -3 - -38959a6?
38959a3
In base 15, what is -4 - 3a0162?
-3a0166
In base 15, what is -39 - -a6ad8?
a6a9e
In base 8, what is 243525 - -2076?
245623
In base 16, what is -5 - -663a8?
663a3
In base 4, what is 13120 + 1221021331?
1221101111
In base 11, what is 7472 + -31a6?
4277
In base 5, what is -40143121 - 1223?
-40144344
In base 10, what is -2 + -125770246?
-125770248
In base 3, what is -12 - 112001000211102?
-112001000211121
In base 16, what is b3040f + -5?
b3040a
In base 16, what is bd + -2dd?
-220
In base 4, what is -320221 + -333222?
-1320103
In base 7, what is -654 - 20655450?
-20656434
In base 3, what is 11 + 11201201012010?
11201201012021
In base 9, what is -1574021 + 44?
-1573866
In base 14, what is -c17c04 + 6?
-c17bdc
In base 4, what is 231100 - 2300002?
-2002302
In base 12, what is 1a3a7a - -88?
1a3b46
In base 2, what is 1001110 - 1011100000110011100?
-1011100000101001110
In base 14, what is -2180da - -22?
-2180b8
In base 12, what is 6 - -10099a24?
10099a2a
In base 2, what is 11110111000000011110010 - -1?
11110111000000011110011
In base 10, what is 70 - -2752088?
2752158
In base 7, what is 1 + 3516205?
3516206
In base 14, what is -343b7c + b4?
-343aa8
In base 9, what is -10817512 + 53?
-10817448
In base 13, what is -1c5 - -53925?
53730
In base 12, what is 10 + -68871a?
-68870a
In base 15, what is a4 - -ddd95?
dde49
In base 2, what is -1010001100111100011 + 1010111?
-1010001100110001100
In base 12, what is 177a + 338?
1ab6
In base 16, what is -5 - -bdf568a?
bdf5685
In base 8, what is 61567424 - -11?
61567435
In base 11, what is 19 + -30093?
-30075
In base 10, what is 90 + -1297787?
-1297697
In base 13, what is 1 - -18c085c5?
18c085c6
In base 10, what is -968106 + -1253?
-969359
In base 6, what is -4 + 255040242?
255040234
In base 9, what is 2818 - 64801?
-61872
In base 2, what is 101111010100 - 101101101100101?
-100111110010001
In base 13, what is -225 + -c7b43?
-c8068
In base 2, what is -10100001010 + -11110100010101101?
-11110110110110111
In base 7, what is -150205 - 245335?
-425543
In base 13, what is -3a3c0 + 9c?
-3a321
In base 11, what is -1232 + 96?
-1147
In base 14, what is 2 - 142127?
-142125
In base 7, what is 563 + -16540232?
-16536336
In base 14, what is -3496 - -1334?
-2162
In base 2, what is 10111011010110101011 + 1101?
10111011010110111000
In base 7, what is -16533163 + -22?
-16533215
In base 7, what is 530101 - 136?
526632
In base 11, what is 5 + 453765?
45376a
In base 6, what is 3550231253 + -2?
3550231251
In base 13, what is -114266 - -21?
-114245
In base 4, what is 1 - -302320303130?
302320303131
In base 3, what is 2 - 12200010202122202?
-12200010202122200
In base 5, what is 10342 - -244413?
310310
In base 5, what is 3 - -13230303032?
13230303040
In base 6, what is -1104522151 + -11?
-1104522202
In base 16, what is -804 - 725?
-f29
In base 12, what is -20b9 - -29259?
27160
In base 12, what is -9 + -28a3034?
-28a3041
In base 5, what is -322030000 + 21?
-322024424
In base 7, what is -4 + 22215110?
22215103
In base 15, what is -409dd9d - 1?
-409dd9e
In base 3, what is -1012102101 - -12?
-1012102012
In base 13, what is -22248797 - -6?
-22248791
In base 9, what is 478744 - -28?
478773
In base 5, what is -4 + -104420234?
-104420243
In base 7, what is -2546036 + -2015?
-2551054
In base 13, what is b + -a1085bb?
-a1085b0
In base 7, what is -61654 + -6?
-61663
In base 3, what is 1202101022120 - 111?
1202101022002
In base 4, what is 310011 + -1321002?
-1010331
In base 5, what is -1 - 434222011?
-434222012
In base 3, what is 12 + 2222111021011201?
2222111021011220
In base 16, what is 666 + -35de?
-2f78
In base 14, what is -3a14 - a5c2?
-101d6
In base 12, what is 156778 - -60?
156818
In base 9, what is -325420 - 73?
-325503
In base 7, what is -14160034 + 24?
-14160010
In base 8, what is -4742 + 1417?
-3323
In base 4, what is -2202032200 + -11?
-2202032211
In base 4, what is 20023212 - -12231?
20102103
In base 13, what is -5 + -3333bb?
-3333c3
In base 11, what is 602a - -46a?
6499
In base 5, what is -334114 + -32201?
-421320
In base 3, what is -11 - -110100121210011220?
110100121210011202
In base 6, what is 11304304 - 303?
11304001
In base 10, what is 9 - 10080527?
-10080518
In base 8, what is 5075 - -5073?
12170
In base 13, what is -108344a9 - 3?
-108344ac
In base 7, what is -5 - -224034162?
224034154
In base 12, what is 82145 - 30?
82115
In base 14, what is 212 + -582ac?
-5809a
In base 4, what is -1011203 - 20223120?
-21300323
In base 13, what is 21877b71 + -4?
21877b6a
In base 8, what is 72201 + -643?
71336
In base 11, what is -427a026 + 81?
-4279a55
In base 6, what is -4125530052 + -3?
-4125530055
In base 15, what is -123044 - -e?
-123035
In base 3, what is 12200101200102 + 2010?
12200101202112
In base 16, what is -319b1 - -3?
-319ae
In base 3, what is 10002 - 12000010220?
-12000000211
In base 8, what is 102323663 - -12?
102323675
In base 16, what is 380d0 - -135?
38205
In base 14, what is -593471 + -73?
-593504
In base 2, what is 10001001100001010100011000 + 100?
10001001100001010100011100
In base 12, what is -95 - 4918b8?
-491991
In base 8, what is -1246426426 - -5?
-1246426421
In base 6, what is -50014 + -2022412?
-2112430
In base 15, what is 39 - -161a6c?
161aa6
In base 10, what is -360567 + -1178?
-361745
In base 6, what is 14012422112 - 4?
14012422104
In base 4, what is 3032 - -3212211?
3221303
In base 10, what is 23010931 - 10?
23010921
In base 15, what is c + -78ac9?
-78abc
In base 8, what is 5 - -43410051?
43410056
In base 4, what is -12210203 + 2002221?
-10201322
In base 3, what is -221020122221 + -110202?
-221021010200
In base 12, what is -a61140 - -9?
-a61133
In base 9, what is -6 - 6768463?
-6768470
In base 14, what is c484c - -96?
c4904
In base 2, what is 100100010010000010 - -1010001?
100100010011010011
In base 5, what is -12343 + 2441302?
2423404
In base 4, what is -1133001013 - -113?
-1133000300
In base 5, what is 41434 + -12230010?
-12133021
In base 8, what is -10 - 13737202?
-13737212
In base 10, what is 498 + -7324?
-6826
In base 7, what is -20 - 466520?
-466540
In base 13, what is 2 - -15aa149?
15aa14b
In base 4, what is 111 - -12032230031?
12032230202
In base 2, what is -11 - 11011001101101100110011100?
-11011001101101100110011111
In base 16, what is 61 - 2524?
-24c3
In base 14, what is -9a6b8 + 1d6?
-9a4c2
In base 10, what is -2903587 + -18?
-2903605
In base 13, what is -4b69b3 + 